-36123
What is 9701c (base 16) in base 3?
1011102110022
Convert c0bb7 (base 13) to base 14.
8d8c5
6555535 (base 7) to base 4
3010101100
What is 173964 (base 12) in base 10?
400540
What is 6c3796 (base 13) in base 14?
4b1907
Convert -18573372 (base 9) to base 12.
-3183218
Convert -20002001102 (base 3) to base 5.
-12311334
Convert 801 (base 14) to base 9.
2133
Convert -36483 (base 10) to base 4.
-20322003
2764545 (base 9) to base 3
2212011121112
What is -132113235 (base 6) in base 9?
-4836415
-b41085 (base 15) to base 8
-40515025
-5241 (base 10) to base 16
-1479
What is 111210230 (base 4) in base 11?
60431
243400 (base 7) to base 16
ad9b
Convert f016 (base 16) to base 9.
103271
Convert 10214330 (base 5) to base 8.
247126
What is 2316533 (base 9) in base 6?
42453303
Convert 111110011110011000 (base 2) to base 5.
31142041
Convert -93633 (base 12) to base 7.
-1431561
Convert -11131031200 (base 4) to base 11.
-897725
What is -2554155 (base 6) in base 8?
-420527
What is 112835 (base 11) in base 4?
223302200
Convert -8b83 (base 16) to base 14.
-d031
What is -6320171 (base 9) in base 15?
-46b30a
What is b8582 (base 15) in base 9?
1081565
Convert -25005324 (base 6) to base 10.
-794356
What is 31c447 (base 13) in base 12?
484997
-10100111111111000110 (base 2) to base 9
-1257762
What is -523857 (base 12) in base 14?
-258c03
What is -12147917 (base 10) in base 9?
-24764725
What is -398c83 (base 14) in base 15?
-292b25
-202200000011 (base 3) to base 12
-1774aa
30231420 (base 6) to base 4
3101313210
Convert -570b3 (base 12) to base 8.
-342307
Convert -a44ed (base 15) to base 6.
-15055241
a04909 (base 11) to base 6
54353444
What is -120445351 (base 6) in base 11?
-1315816
What is -619898 (base 10) in base 2?
-10010111010101111010
What is a06b (base 14) in base 2?
110101110001111
-1307373 (base 8) to base 14
-96a83
What is -33423232 (base 5) in base 13?
-a4624
What is -27cb81 (base 15) in base 9?
-3540504
What is 210312202 (base 6) in base 16?
37e9aa
What is 781584 (base 9) in base 10?
467041
-11110000111110101011111 (base 2) to base 12
-2789827
What is 4c7254 (base 14) in base 11?
1538483
Convert -134010143 (base 5) to base 16.
-a802d
What is -1110210100211 (base 3) in base 16?
-bf36b
27828 (base 14) to base 3
11221221110
-113220201 (base 4) to base 9
-156706
295365 (base 15) to base 16
1e6554
-8820825 (base 9) to base 5
-2203101323
Convert -21112513 (base 6) to base 16.
-9671d
What is 3cce7 (base 16) in base 5?
30432223
Convert 130647 (base 10) to base 12.
63733
889372 (base 13) to base 15
438c8a
What is 10210111012 (base 3) in base 5?
4342324
-101011010011111 (base 2) to base 4
-11122133
What is 43364266 (base 8) in base 13?
1c08162
-222003403 (base 5) to base 6
-32435100
What is 1134331 (base 8) in base 2?
1001011100011011001
-3221333020 (base 4) to base 2
-11101001111111001000
What is -121122010220 (base 3) in base 9?
-548126
What is -4a4a90 (base 11) in base 3?
-1111111121200
321301222033 (base 4) to base 5
12334124430
10100010111010111010111 (base 2) to base 13
114bc33
What is 163527 (base 8) in base 6?
1134103
Convert 418721 (base 13) to base 16.
176267
What is 1211211010 (base 3) in base 15?
ab63
Convert -84097 (base 12) to base 14.
-47031
Convert 10402314 (base 5) to base 16.
1634f
2221000112 (base 3) to base 2
1110000100000101
Convert -33030303 (base 4) to base 11.
-4285a
What is -401522 (base 6) in base 3?
-1121020012
a05a2 (base 13) to base 8
1057573
-10000202 (base 3) to base 15
-9c2
What is 3141306 (base 7) in base 14?
9c606
What is -4173526 (base 8) in base 12?
-45755a
-122312021223 (base 4) to base 16
-6b626b
Convert 1c1d3 (base 14) to base 3.
10122101111
What is 1012351112 (base 6) in base 10?
10481012
2132440 (base 6) to base 4
121301220
What is 2cc00 (base 13) in base 7?
504212
What is -1000010100100110 (base 2) in base 10?
-34086
183a5b (base 13) to base 11
3859a3
1011214111 (base 5) to base 11
1183459
b5d90 (base 15) to base 7
4621443
What is 201233000 (base 4) in base 11?
948a5
Convert 53104054 (base 6) to base 3.
2220122220021
1100110001111000100000 (base 2) to base 5
1324200143
What is -101002112012022 (base 3) in base 5?
-2333123000
Convert 1101133003 (base 4) to base 13.
b8bc1
What is 18b624b (base 12) in base 15?
6d04bb
5360 (base 13) to base 12
6842
-226360 (base 12) to base 16
-86478
What is 312101210 (base 4) in base 5?
24103213
What is -196410 (base 14) in base 13?
-257048
10aa74 (base 11) to base 3
22220221122
Convert 1000011000101001101111000 (base 2) to base 5.
14000210031
Convert -5a0c01 (base 13) to base 6.
-113542224
Convert 12020302101 (base 4) to base 16.
188c91
Convert -1213540231 (base 6) to base 3.
-222011020120101
-101022121211020 (base 3) to base 6
-313313310
What is 229360 (base 12) in base 10?
555192
2505313 (base 7) to base 13
b3281
-332441 (base 7) to base 3
-2222021222
-232743 (base 11) to base 2
-1011010001110101101
121121332 (base 4) to base 3
12021202011
What is -101011101000001111001 (base 2) in base 13?
-3b0942
Convert 2411204 (base 6) to base 4.
132300310
-23000116 (base 7) to base 3
-10202121121121
Convert -56440050 (base 8) to base 14.
-189a41a
What is 224267 (base 12) in base 5?
114441130
428104 (base 10) to base 14
b202c
-85ddc5 (base 14) to base 2
-10001010010101101001001
-112202122 (base 4) to base 2
-10110100010011010
What is -19b227 (base 16) in base 13?
-46c670
Convert 244459 (base 12) to base 16.
8f985
-1020011001011 (base 3) to base 12
-27571a
What is -201696 (base 15) in base 11?
-950796
Convert -2032245 (base 7) to base 3.
-110100202210
What is 26b21 (base 14) in base 12?
47309
-3101331 (base 5) to base 3
-2112212212
1a410b (base 15) to base 12
518455
-1352646 (base 7) to base 8
-541541
Convert -13260 (base 14) to base 12.
-23330
What is -3413771 (base 9) in base 4?
-13001030122
Convert -9575 (base 12) to base 13.
-75a7
Convert c0390e (base 16) to base 12.
4276292
Convert 6277618 (base 9) to base 2.
1100110011111001000101
Convert 406553 (base 7) to base 6.
1254025
Convert -29043 (base 13) to base 3.
-10220120000
Convert -43058 (base 13) to base 9.
-203762
11101110011110001100001 (base 2) to base 16
773c61
Convert -25255500 (base 7) to base 9.
-4258506
Convert 121513 (base 8) to base 13.
16048
Convert 1872082 (base 13) to base 9.
16045084
-1015404332 (base 6) to base 2
-101000100001100000100000
What is -a5677 (base 12) in base 15?
-4443a
-12142310 (base 5) to base 12
-568aa
What is -2130103221 (base 5) in base 15?
-5e89ab
35b54b2 (base 12) to base 11
5990438
-31444 (base 7) to base 3
-101122221
Convert 10054112 (base 8) to base 16.
20584a
-1d51aab (base 14) to base 12
-4b19573
Convert 405315341 (base 6) to base 14.
cd8bc9
What is -1211210011220 (base 3) in base 7?
-11220606
Convert 2503723 (base 11) to base 5.
2103300432
Convert 2622024 (base 7) to base 5.
41413041
33301311 (base 5) to base 10
290831
-101001110110011111 (base 2) to base 12
-83253
What is -1173366 (base 8) in base 13?
-b5132
207658 (base 11) to base 3
121212201000
What is -6373a55 (base 11) in base 4?
-222303110231
17050 (base 15) to base 10
74325
Convert -12377551 (base 9) to base 4.
-113023001233
Convert 11332222200 (base 4) to base 16.
17eaa0
Convert -26166b (base 13) to base 14.
-19c3c0
11112002221 (base 3) to base 15
1b597
What is -216b94 (base 16) in base 3?
-11010021102120
What is -4319a4 (base 11) in base 7?
-5604406
Convert 3121111021 (base 4) to base 10.
890185
What is c4fec6 (base 16) in base 15?
1200403
What is 10531 (base 15) in base 8?
145124
What is -112322310 (base 4) in base 2?
-10110111010110100
Convert -757264 (base 16) to base 7.
-122265136
What is 54717 (base 9) in base 3?
1211210121
Convert 131013132 (base 4) to base 12.
59026
Convert -12ccc2 (base 15) to base 14.
-19763d
What is -1868 (base 15) in base 11?
-3a64
Convert 112874 (base 12) to base 15.
563e4
263c8 (base 13) to base 2
10001010100111111
What is -10101000011101001 (base 2) in base 7?
-506312
1833650 (base 11) to base 14
5acc78
What is 2578010 (base 9) in base 3?
2122122000100
Convert da63c (base 14) to base 11.
330831
20420 (base 15) to base 12
4b170
What is -2abee4 (base 16) in base 12?
-b31204
-403513 (base 6) to base 8
-76305
-105637722 (base 8) to base 12
-6166956
What is 1111011101111011011101 (base 2) in base 6?
222523553
112021300223